der when 1142609 is divided by 2089?
2015
What is the remainder when 2102047 is divided by 1050800?
447
Calculate the remainder when 68254 is divided by 7574.
88
What is the remainder when 4207 is divided by 387?
337
What is the remainder when 8462831 is divided by 138?
119
Calculate the remainder when 61326134 is divided by 99.
89
Calculate the remainder when 69230 is divided by 4207.
1918
What is the remainder when 401126864 is divided by 6383?
6378
Calculate the remainder when 235797138 is divided by 1102.
1096
What is the remainder when 381483 is divided by 380?
343
Calculate the remainder when 203857 is divided by 1325.
1132
What is the remainder when 110609 is divided by 165?
59
Calculate the remainder when 1744346 is divided by 872168.
10
What is the remainder when 2366533 is divided by 89?
23
What is the remainder when 1829183 is divided by 609718?
29
What is the remainder when 4854567 is divided by 148?
19
What is the remainder when 43931722 is divided by 143100?
22
What is the remainder when 736908 is divided by 370?
238
What is the remainder when 105307 is divided by 58?
37
Calculate the remainder when 232022 is divided by 77280.
182
Calculate the remainder when 9468913 is divided by 9468821.
92
Calculate the remainder when 5006463 is divided by 1265.
858
What is the remainder when 13542 is divided by 11587?
1955
Calculate the remainder when 9189102 is divided by 215.
2
Calculate the remainder when 31627022 is divided by 4662.
14
Calculate the remainder when 13933 is divided by 3140.
1373
What is the remainder when 4325755 is divided by 3?
1
What is the remainder when 20315028 is divided by 457?
7
Calculate the remainder when 664091 is divided by 2535.
2456
Calculate the remainder when 2216108 is divided by 121.
114
Calculate the remainder when 327037 is divided by 10.
7
Calculate the remainder when 98092158 is divided by 1831.
1826
What is the remainder when 16603 is divided by 1593?
673
What is the remainder when 31491167 is divided by 542951?
9
What is the remainder when 448365 is divided by 224104?
157
Calculate the remainder when 2885862 is divided by 67112.
46
Calculate the remainder when 12651804 is divided by 4217243.
75
What is the remainder when 658085 is divided by 40?
5
What is the remainder when 34530606 is divided by 85897?
12
Calculate the remainder when 572031 is divided by 868.
19
Calculate the remainder when 17415742 is divided by 2928.
2926
What is the remainder when 388940 is divided by 4742?
96
What is the remainder when 406041 is divided by 33829?
93
What is the remainder when 2518005 is divided by 1801?
207
Calculate the remainder when 3396961 is divided by 6687.
6652
What is the remainder when 11495455 is divided by 146?
145
Calculate the remainder when 14719875 is divided by 41.
14
What is the remainder when 16369467 is divided by 1023090?
27
What is the remainder when 827134 is divided by 74?
36
What is the remainder when 30902114 is divided by 570?
134
What is the remainder when 5341809 is divided by 5341690?
119
Calculate the remainder when 366501 is divided by 3479.
1206
Calculate the remainder when 747172 is divided by 186783.
40
What is the remainder when 77533 is divided by 4076?
89
Calculate the remainder when 45502 is divided by 15144.
70
What is the remainder when 123140 is divided by 40952?
284
Calculate the remainder when 618132 is divided by 12.
0
What is the remainder when 34556091 is divided by 6541?
6529
Calculate the remainder when 106313 is divided by 15108.
557
What is the remainder when 12962897 is divided by 349?
339
What is the remainder when 6469261 is divided by 684?
673
What is the remainder when 6077 is divided by 2754?
569
What is the remainder when 5075050 is divided by 194?
10
What is the remainder when 768283 is divided by 2208?
2107
Calculate the remainder when 233413 is divided by 29147.
237
What is the remainder when 10638891 is divided by 20618?
3
Calculate the remainder when 2512292 is divided by 8.
4
What is the remainder when 9275501 is divided by 396?
389
Calculate the remainder when 133245 is divided by 133211.
34
What is the remainder when 906772 is divided by 3145?
1012
What is the remainder when 94429024 is divided by 3157?
3154
Calculate the remainder when 148416 is divided by 562.
48
What is the remainder when 24913808 is divided by 89618?
4
Calculate the remainder when 2433447 is divided by 449.
316
What is the remainder when 87557 is divided by 2501?
22
What is the remainder when 648699 is divided by 17071?
1
What is the remainder when 5010895 is divided by 88?
87
What is the remainder when 1348707 is divided by 1657?
1566
Calculate the remainder when 139827692 is divided by 143.
4
What is the remainder when 1497040 is divided by 245?
90
What is the remainder when 4893159 is divided by 485?
479
Calculate the remainder when 8492785 is divided by 59.
30
Calculate the remainder when 2426831 is divided by 32795.
1
Calculate the remainder when 23773636 is divided by 221.
3
Calculate the remainder when 118757 is divided by 23749.
12
What is the remainder when 947033 is divided by 473504?
25
Calculate the remainder when 717858 is divided by 32625.
108
Calculate the remainder when 1114662 is divided by 2829.
36
Calculate the remainder when 2340513 is divided by 84.
21
Calculate the remainder when 362518 is divided by 1479.
163
What is the remainder when 48476229 is divided by 6925174?
11
Calculate the remainder when 18591692 is divided by 215.
212
What is the remainder when 4949167 is divided by 28?
27
Calculate the remainder when 2464081 is divided by 771.
736
Calculate the remainder when 91977 is divided by 3174.
3105
What is the remainder when 16218739 is divided by 1151?
1149
What is the remainder when 4173936 is divided by 51530?
6
Calculate the remainder when 248765 is divided by 30.
5
Calculate the remainder when 21721368 is divided by 361.
359
What is the remainder when 71974 is divided by 2443?
1127
Calculate the remainder when 237466 is divided by 2083.
4
What is the remainder when 712193 is divided by 356?
193
What is the remainder when 10709930 is divided by 712?
26
What is the remainder when 2992135 is divided by 512?
7
What is the remainder when 973177 is divided by 1190?
947
Calculate the remainder when 934304118 is divided by 193.
189
What is the remainder when 1097299 is divided by 104?
99
Calculate the remainder when 164269 is divided by 7346.
2657
What is the remainder when 73644 is divided by 7936?
2220
Calculate the remainder when 1994607 is divided by 1994601.
6
What is the remainder when 878 is divided by 118?
52
Calculate the remainder when 13257510 is divided by 4419105.
195
What is the remainder when 20740 is divided by 9576?
1588
Calculate the remainder when 120949 is divided by 1222.
1193
Calculate the remainder when 13100 is divided by 2999.
1104
What is the remainder when 2510985 is divided by 67862?
91
Calculate the remainder when 31642 is divided by 2170.
1262
What is the remainder when 4527403 is divided by 1509132?
7
Calculate the remainder when 81227159 is divided by 27075696.
71
Calculate the remainder when 4250929 is divided by 131.
110
What is the remainder when 4525507 is divided by 71832?
91
Calculate the remainder when 944519 is divided by 136.
135
What is the remainder when 301901 is divided by 10044?
581
Calculate the remainder when 385040 is divided by 3812.
28
What is the remainder when 1343433 is divided by 671687?
59
What is the remainder when 147559 is divided by 979?
709
What is the remainder when 316605649 is divided by 25?
24
Calculate the remainder when 204346 is divided by 34056.
10
What is the remainder when 66036 is divided by 10803?
1218
Calculate the remainder when 164394 is divided by 89.
11
What is the remainder when 675231 is divided by 1687?
431
Calculate the remainder when 21087776 is divided by 35.
31
Calculate the remainder when 10839685 is divided by 1661.
1660
Calculate the remainder when 870095 is divided by 1565.
1520
Calculate the remainder when 422258 is divided by 125.
8
What is the remainder when 124211216 is divided by 555?
551
Calculate the remainder when 22551 is divided by 21324.
1227
Calculate the remainder when 482018 is divided by 12.
2
Calculate the remainder when 18921858 is divided by 